{"id":39679,"date":"2021-02-23T08:12:02","date_gmt":"2021-02-23T08:12:02","guid":{"rendered":"https:\/\/www.globallogic.com\/latam\/esg\/"},"modified":"2024-10-30T11:06:50","modified_gmt":"2024-10-30T11:06:50","slug":"esg","status":"publish","type":"page","link":"https:\/\/www.globallogic.com\/latam\/esg\/","title":{"rendered":"Environmental, Social &amp; Governance"},"content":{"rendered":"    <section class=\"get_in_block  \" id=\"get-in-block_828460d1cd5fa4229be7410f5fcf3528\">\r\n        <div class=\"container\">\r\n            <div class=\"get_in_area\">\r\n                                    <a href=\"https:\/\/www.globallogic.com\/latam\/contact\/\" class=\"primaryBtn\">Cont\u00e1ctanos<\/a>\r\n                \r\n                                    <h2>\r\n                                                    <span>Empecemos a<\/span>\r\n                                                    <span>generar impacto<\/span>\r\n                                                    <span>en conjunto.<\/span>\r\n                                            <\/h2>\r\n                                                    <p>GlobalLogic ofrece una combinaci\u00f3n \u00fanica de experiencia y conocimientos en la intersecci\u00f3n entre datos, dise\u00f1o e ingenier\u00eda.<\/p>\r\n                                <div class=\"get_in_overlay\"><\/div>\r\n            <\/div>\r\n        <\/div>\r\n    <\/section>\r\n","protected":false},"excerpt":{"rendered":"","protected":false},"author":12,"featured_media":0,"parent":0,"menu_order":59,"comment_status":"closed","ping_status":"closed","template":"templates\/component-then-block.php","meta":{"_acf_changed":false,"footnotes":""},"class_list":["post-39679","page","type-page","status-publish","hentry"],"acf":[],"aioseo_notices":[],"_links":{"self":[{"href":"https:\/\/www.globallogic.com\/latam\/wp-json\/wp\/v2\/pages\/39679","targetHints":{"allow":["GET"]}}],"collection":[{"href":"https:\/\/www.globallogic.com\/latam\/wp-json\/wp\/v2\/pages"}],"about":[{"href":"https:\/\/www.globallogic.com\/latam\/wp-json\/wp\/v2\/types\/page"}],"author":[{"embeddable":true,"href":"https:\/\/www.globallogic.com\/latam\/wp-json\/wp\/v2\/users\/12"}],"replies":[{"embeddable":true,"href":"https:\/\/www.globallogic.com\/latam\/wp-json\/wp\/v2\/comments?post=39679"}],"version-history":[{"count":3,"href":"https:\/\/www.globallogic.com\/latam\/wp-json\/wp\/v2\/pages\/39679\/revisions"}],"predecessor-version":[{"id":101086,"href":"https:\/\/www.globallogic.com\/latam\/wp-json\/wp\/v2\/pages\/39679\/revisions\/101086"}],"wp:attachment":[{"href":"https:\/\/www.globallogic.com\/latam\/wp-json\/wp\/v2\/media?parent=39679"}],"curies":[{"name":"wp","href":"https:\/\/api.w.org\/{rel}","templated":true}]}}