 
{"id":97404,"date":"2024-09-10T13:56:33","date_gmt":"2024-09-10T13:56:33","guid":{"rendered":"https:\/\/www.globallogic.com\/latam\/?page_id=97404"},"modified":"2025-06-17T13:38:26","modified_gmt":"2025-06-17T13:38:26","slug":"white-papers","status":"publish","type":"page","link":"https:\/\/www.globallogic.com\/latam\/insights\/white-papers\/","title":{"rendered":"White Papers"},"content":{"rendered":"\r\n<!-- Locations Hero banner -->\r\n \r\n<section class=\"partner_detail_banner_block locations_banner_block \" id=\"banner-locations-block_12e0baf6ee20704a85059dca095f25d2\">\r\n    <div class=\"container\">\r\n        <div class=\"banner_content_block\">\r\n            <ul class=\"breadcrumb\"><\/ul>            \r\n                            <h1>Redefiniendo industrias resolviendo sus desaf\u00edos \u00fanicos.<\/h1>\r\n                    <\/div>\r\n    <\/div>\r\n<\/section>\r\n\n\n\n<!-- Featured Posts Slider --> \n    <section class=\"event_banner_block \" id=\"fea-posts-sliderblock_8deadcdebb35cc3e3c660825104e5e66\">\n        <div class=\"container\">\n            <div class=\"swiper eventSlider\">\n                <div class=\"swiper-wrapper\">\n                    \n                            \n                            \n                                                                                            <div class=\"swiper-slide\">\n                                        <a href=\"https:\/\/www.globallogic.com\/latam\/insights\/white-papers\/pov-engineering-financial-services-3cs\/\" class=\"insightCard fullWidth\" insightpost-103103>\n                                            <div class=\"insight_overlay\">\n                                                <div class=\"insight_tags\">\n                                                    <span class=\"category-tag\">AI-Powered SDLC<\/span><span class=\"category-tag\">GenAI<\/span><span class=\"category-tag\">Transformation Advisory<\/span><span class=\"industry-tag\">Financial Services<\/span>                                                <\/div>\n                                                <div class=\"insight_sub_head\">\n                                                    <div class=\"author-list\">\n                                                        <div class=\"author_links\">                                                                    <span>Mike Connors<\/span>\n                                                                <\/div>                                                    <\/div>\n                                                                                                                                                                                                                        <span>28 noviembre 2025<\/span>\n                                                                                                    <\/div>\n                                                <h3 class=\"trim\">Servicios financieros de ingenier\u00eda: c\u00f3mo el c\u00f3digo, el capital y el cambio est\u00e1n impulsando la pr\u00f3xima era de crecimiento<\/h3>\n                                            <\/div>\n                                                                                            <div class=\"insight_img\">\n                                                    <img width=\"1130\" height=\"636\" src=\"https:\/\/www.globallogic.com\/latam\/wp-content\/uploads\/sites\/5\/2025\/11\/Code-capital-scaled-1024x683-1.jpg\" class=\"attachment-full size-full\" alt=\"Equipo diverso de profesionales que colaboran en soluciones financieras digitales, simbolizando la intersecci\u00f3n entre el c\u00f3digo, el capital y el cambio en la transformaci\u00f3n de los servicios financieros.\" loading=\"lazy\" decoding=\"async\" srcset=\"https:\/\/www.globallogic.com\/latam\/wp-content\/uploads\/sites\/5\/2025\/11\/Code-capital-scaled-1024x683-1.jpg 1024w, https:\/\/www.globallogic.com\/latam\/wp-content\/uploads\/sites\/5\/2025\/11\/Code-capital-scaled-1024x683-1-300x200.jpg 300w, https:\/\/www.globallogic.com\/latam\/wp-content\/uploads\/sites\/5\/2025\/11\/Code-capital-scaled-1024x683-1-768x512.jpg 768w\" sizes=\"auto, (max-width: 1024px) 100vw, 1024px\" \/>                                                <\/div>\n                                                                                    <\/a>\n                                    <\/div>\n\n                                                                        <div class=\"swiper-slide\">\n                                        <a href=\"https:\/\/www.globallogic.com\/latam\/insights\/white-papers\/open-banking-introduccion-e-implementacion-a-traves-de-ejemplos\/\" class=\"insightCard fullWidth\" insightpost-83713>\n                                            <div class=\"insight_overlay\">\n                                                <div class=\"insight_tags\">\n                                                    <span class=\"industry-tag\">Financial Services<\/span><span class=\"industry-tag\">Technology<\/span>                                                <\/div>\n                                                <div class=\"insight_sub_head\">\n                                                    <div class=\"author-list\">\n                                                        <div class=\"author_links\">                                                                    <span>Luis Cepeda<\/span>\n                                                                                                                                    <span>GlobalLogic<\/span>\n                                                                    <\/div>                                                    <\/div>\n                                                                                                                                                                                                                        <span>17 agosto 2023<\/span>\n                                                                                                    <\/div>\n                                                <h3 class=\"trim\">Open Banking: Introducci\u00f3n e implementaci\u00f3n a trav\u00e9s de ejemplos<\/h3>\n                                            <\/div>\n                                                                                            <div class=\"insight_img\">\n                                                    <img width=\"1130\" height=\"636\" src=\"https:\/\/www.globallogic.com\/latam\/wp-content\/uploads\/sites\/5\/2023\/08\/business-virtual-screen-graph-chart-digital-technology-trader-online-trading-investment-stock-1-scaled-1.jpg\" class=\"attachment-full size-full\" alt=\"\" loading=\"lazy\" decoding=\"async\" srcset=\"https:\/\/www.globallogic.com\/latam\/wp-content\/uploads\/sites\/5\/2023\/08\/business-virtual-screen-graph-chart-digital-technology-trader-online-trading-investment-stock-1-scaled-1.jpg 2560w, https:\/\/www.globallogic.com\/latam\/wp-content\/uploads\/sites\/5\/2023\/08\/business-virtual-screen-graph-chart-digital-technology-trader-online-trading-investment-stock-1-scaled-1-300x163.jpg 300w, https:\/\/www.globallogic.com\/latam\/wp-content\/uploads\/sites\/5\/2023\/08\/business-virtual-screen-graph-chart-digital-technology-trader-online-trading-investment-stock-1-scaled-1-1024x556.jpg 1024w, https:\/\/www.globallogic.com\/latam\/wp-content\/uploads\/sites\/5\/2023\/08\/business-virtual-screen-graph-chart-digital-technology-trader-online-trading-investment-stock-1-scaled-1-768x417.jpg 768w, https:\/\/www.globallogic.com\/latam\/wp-content\/uploads\/sites\/5\/2023\/08\/business-virtual-screen-graph-chart-digital-technology-trader-online-trading-investment-stock-1-scaled-1-1536x835.jpg 1536w, https:\/\/www.globallogic.com\/latam\/wp-content\/uploads\/sites\/5\/2023\/08\/business-virtual-screen-graph-chart-digital-technology-trader-online-trading-investment-stock-1-scaled-1-2048x1113.jpg 2048w\" sizes=\"auto, (max-width: 2560px) 100vw, 2560px\" \/>                                                <\/div>\n                                                                                    <\/a>\n                                    <\/div>\n\n                                                                        <div class=\"swiper-slide\">\n                                        <a href=\"https:\/\/www.globallogic.com\/latam\/insights\/white-papers\/tendencias-en-2023-para-optimizar-los-negocios-financieros\/\" class=\"insightCard fullWidth\" insightpost-82476>\n                                            <div class=\"insight_overlay\">\n                                                <div class=\"insight_tags\">\n                                                    <span class=\"industry-tag\">Financial Services<\/span>                                                <\/div>\n                                                <div class=\"insight_sub_head\">\n                                                    <div class=\"author-list\">\n                                                                                                                    <span>GlobalLogic<\/span>                                                    <\/div>\n                                                                                                                                                                                                                        <span>20 marzo 2023<\/span>\n                                                                                                    <\/div>\n                                                <h3 class=\"trim\">Tendencias en 2023 para optimizar los negocios financieros<\/h3>\n                                            <\/div>\n                                                                                            <div class=\"insight_img\">\n                                                    <img width=\"1130\" height=\"636\" src=\"https:\/\/www.globallogic.com\/latam\/wp-content\/uploads\/sites\/5\/2023\/03\/online-banking-concept-with-person-using-smartphone-scaled-e1679338952444.jpg\" class=\"attachment-full size-full\" alt=\"\" loading=\"lazy\" decoding=\"async\" srcset=\"https:\/\/www.globallogic.com\/latam\/wp-content\/uploads\/sites\/5\/2023\/03\/online-banking-concept-with-person-using-smartphone-scaled-e1679338952444.jpg 2560w, https:\/\/www.globallogic.com\/latam\/wp-content\/uploads\/sites\/5\/2023\/03\/online-banking-concept-with-person-using-smartphone-scaled-e1679338952444-300x100.jpg 300w, https:\/\/www.globallogic.com\/latam\/wp-content\/uploads\/sites\/5\/2023\/03\/online-banking-concept-with-person-using-smartphone-scaled-e1679338952444-1024x340.jpg 1024w, https:\/\/www.globallogic.com\/latam\/wp-content\/uploads\/sites\/5\/2023\/03\/online-banking-concept-with-person-using-smartphone-scaled-e1679338952444-768x255.jpg 768w, https:\/\/www.globallogic.com\/latam\/wp-content\/uploads\/sites\/5\/2023\/03\/online-banking-concept-with-person-using-smartphone-scaled-e1679338952444-1536x511.jpg 1536w, https:\/\/www.globallogic.com\/latam\/wp-content\/uploads\/sites\/5\/2023\/03\/online-banking-concept-with-person-using-smartphone-scaled-e1679338952444-2048x681.jpg 2048w\" sizes=\"auto, (max-width: 2560px) 100vw, 2560px\" \/>                                                <\/div>\n                                                                                    <\/a>\n                                    <\/div>\n\n                                                                        <div class=\"swiper-slide\">\n                                        <a href=\"https:\/\/www.globallogic.com\/latam\/insights\/white-papers\/tendencias-tecnologicas-en-la-banca-para-2023\/\" class=\"insightCard fullWidth\" insightpost-82457>\n                                            <div class=\"insight_overlay\">\n                                                <div class=\"insight_tags\">\n                                                    <span class=\"industry-tag\">Financial Services<\/span><span class=\"industry-tag\">Technology<\/span>                                                <\/div>\n                                                <div class=\"insight_sub_head\">\n                                                    <div class=\"author-list\">\n                                                        <div class=\"author_links\">                                                                    <span>GlobalLogic<\/span>\n                                                                    <\/div>                                                    <\/div>\n                                                                                                                                                                                                                        <span>17 marzo 2023<\/span>\n                                                                                                    <\/div>\n                                                <h3 class=\"trim\">Tendencias tecnol\u00f3gicas en la banca para 2023<\/h3>\n                                            <\/div>\n                                                                                            <div class=\"insight_img\">\n                                                    <img width=\"1130\" height=\"636\" src=\"https:\/\/www.globallogic.com\/latam\/wp-content\/uploads\/sites\/5\/2023\/03\/night-city-background-with-glowing-forex-graph-skyline-market-growth-stock-concept-double-exposure-scaled-e1679337638453.jpg\" class=\"attachment-full size-full\" alt=\"\" loading=\"lazy\" decoding=\"async\" srcset=\"https:\/\/www.globallogic.com\/latam\/wp-content\/uploads\/sites\/5\/2023\/03\/night-city-background-with-glowing-forex-graph-skyline-market-growth-stock-concept-double-exposure-scaled-e1679337638453.jpg 2560w, https:\/\/www.globallogic.com\/latam\/wp-content\/uploads\/sites\/5\/2023\/03\/night-city-background-with-glowing-forex-graph-skyline-market-growth-stock-concept-double-exposure-scaled-e1679337638453-300x161.jpg 300w, https:\/\/www.globallogic.com\/latam\/wp-content\/uploads\/sites\/5\/2023\/03\/night-city-background-with-glowing-forex-graph-skyline-market-growth-stock-concept-double-exposure-scaled-e1679337638453-1024x550.jpg 1024w, https:\/\/www.globallogic.com\/latam\/wp-content\/uploads\/sites\/5\/2023\/03\/night-city-background-with-glowing-forex-graph-skyline-market-growth-stock-concept-double-exposure-scaled-e1679337638453-768x413.jpg 768w, https:\/\/www.globallogic.com\/latam\/wp-content\/uploads\/sites\/5\/2023\/03\/night-city-background-with-glowing-forex-graph-skyline-market-growth-stock-concept-double-exposure-scaled-e1679337638453-1536x826.jpg 1536w, https:\/\/www.globallogic.com\/latam\/wp-content\/uploads\/sites\/5\/2023\/03\/night-city-background-with-glowing-forex-graph-skyline-market-growth-stock-concept-double-exposure-scaled-e1679337638453-2048x1101.jpg 2048w\" sizes=\"auto, (max-width: 2560px) 100vw, 2560px\" \/>                                                <\/div>\n                                                                                    <\/a>\n                                    <\/div>\n\n                                    \n                                                    \n                                    <\/div>\n                                    <div class=\"swiper_control\">\n                        <div class=\"swiper-scrollbar\"><\/div>\n                        <div class=\"swiper_nav\">\n                            <div class=\"swiper-button-prev\"><\/div>\n                            <div class=\"swiper-button-next\"><\/div>\n                        <\/div>\n                    <\/div>\n                    \n            <\/div>\n    <\/section>\n    ","protected":false},"excerpt":{"rendered":"","protected":false},"author":1,"featured_media":0,"parent":99,"menu_order":0,"comment_status":"closed","ping_status":"closed","template":"templates\/insights-whitepapers.php","meta":{"_acf_changed":false,"footnotes":""},"class_list":["post-97404","page","type-page","status-publish","hentry"],"acf":[],"aioseo_notices":[],"_links":{"self":[{"href":"https:\/\/www.globallogic.com\/latam\/wp-json\/wp\/v2\/pages\/97404","targetHints":{"allow":["GET"]}}],"collection":[{"href":"https:\/\/www.globallogic.com\/latam\/wp-json\/wp\/v2\/pages"}],"about":[{"href":"https:\/\/www.globallogic.com\/latam\/wp-json\/wp\/v2\/types\/page"}],"author":[{"embeddable":true,"href":"https:\/\/www.globallogic.com\/latam\/wp-json\/wp\/v2\/users\/1"}],"replies":[{"embeddable":true,"href":"https:\/\/www.globallogic.com\/latam\/wp-json\/wp\/v2\/comments?post=97404"}],"version-history":[{"count":6,"href":"https:\/\/www.globallogic.com\/latam\/wp-json\/wp\/v2\/pages\/97404\/revisions"}],"predecessor-version":[{"id":102695,"href":"https:\/\/www.globallogic.com\/latam\/wp-json\/wp\/v2\/pages\/97404\/revisions\/102695"}],"up":[{"embeddable":true,"href":"https:\/\/www.globallogic.com\/latam\/wp-json\/wp\/v2\/pages\/99"}],"wp:attachment":[{"href":"https:\/\/www.globallogic.com\/latam\/wp-json\/wp\/v2\/media?parent=97404"}],"curies":[{"name":"wp","href":"https:\/\/api.w.org\/{rel}","templated":true}]}}