 
{"id":99,"date":"2024-08-13T06:45:03","date_gmt":"2024-08-13T06:45:03","guid":{"rendered":"https:\/\/www.globallogic.com\/latam\/?page_id=99"},"modified":"2025-03-13T10:43:25","modified_gmt":"2025-03-13T10:43:25","slug":"insights","status":"publish","type":"page","link":"https:\/\/www.globallogic.com\/latam\/insights\/","title":{"rendered":"Perspectivas"},"content":{"rendered":"\r\n<!-- Locations Hero banner -->\r\n \r\n<section class=\"partner_detail_banner_block locations_banner_block \" id=\"banner-locations-block_42ecdf5af48315fc71ede8b224685f9c\">\r\n    <div class=\"container\">\r\n        <div class=\"banner_content_block\">\r\n            <ul class=\"breadcrumb\"><\/ul>            \r\n                            <h1>Redefiniendo industrias resolviendo sus desaf\u00edos \u00fanicos.<\/h1>\r\n                    <\/div>\r\n    <\/div>\r\n<\/section>\r\n\n\n\n<!-- Featured Posts Slider --> \n    <section class=\"event_banner_block \" id=\"fea-posts-sliderblock_4ad9ccc72e81bd2d2ba26ddc4960c4c3\">\n        <div class=\"container\">\n            <div class=\"swiper eventSlider\">\n                <div class=\"swiper-wrapper\">\n                    \n                                                                                            <div class=\"swiper-slide\">\n                                        <a href=\"https:\/\/www.globallogic.com\/latam\/insights\/blogs\/change-agility-financial-edge\/\" class=\"insightCard fullWidth\" insightpost-103253>\n                                            <div class=\"insight_overlay\">\n                                                <div class=\"insight_tags\">\n                                                    <span class=\"category-tag\">AI-Powered SDLC<\/span><span class=\"category-tag\">GenAI<\/span><span class=\"industry-tag\">Financial Services<\/span>                                                <\/div>\n                                                <div class=\"insight_sub_head\">\n                                                    <div class=\"author-list\">\n                                                        <div class=\"author_links\">                                                                    <span>Michael Lewandowski<\/span>\n                                                                <\/div>                                                    <\/div>\n                                                                                                                                                                                                                        <span>17 diciembre 2025<\/span>\n                                                                                                    <\/div>\n                                                <h3 class=\"trim\">Ingenier\u00eda para el cambio: c\u00f3mo las plataformas adaptativas definir\u00e1n el liderazgo en los servicios financieros<\/h3>\n                                            <\/div>\n                                                                                            <div class=\"insight_img\">\n                                                    <img width=\"1130\" height=\"636\" src=\"https:\/\/www.globallogic.com\/latam\/wp-content\/uploads\/sites\/5\/2025\/12\/3cs_Blog_4.jpg\" class=\"attachment-full size-full\" alt=\"\" loading=\"lazy\" decoding=\"async\" srcset=\"https:\/\/www.globallogic.com\/latam\/wp-content\/uploads\/sites\/5\/2025\/12\/3cs_Blog_4.jpg 786w, https:\/\/www.globallogic.com\/latam\/wp-content\/uploads\/sites\/5\/2025\/12\/3cs_Blog_4-300x195.jpg 300w, https:\/\/www.globallogic.com\/latam\/wp-content\/uploads\/sites\/5\/2025\/12\/3cs_Blog_4-768x500.jpg 768w\" sizes=\"auto, (max-width: 786px) 100vw, 786px\" \/>                                                <\/div>\n                                                                                    <\/a>\n                                    <\/div>\n\n                                                                        <div class=\"swiper-slide\">\n                                        <a href=\"https:\/\/www.globallogic.com\/latam\/insights\/blogs\/code-capital-change-financial-services\/\" class=\"insightCard fullWidth\" insightpost-103223>\n                                            <div class=\"insight_overlay\">\n                                                <div class=\"insight_tags\">\n                                                    <span class=\"category-tag\">AI-Powered SDLC<\/span><span class=\"category-tag\">GenAI<\/span><span class=\"industry-tag\">Financial Services<\/span>                                                <\/div>\n                                                <div class=\"insight_sub_head\">\n                                                    <div class=\"author-list\">\n                                                        <div class=\"author_links\">                                                                    <span>Mike Connors<\/span>\n                                                                <\/div>                                                    <\/div>\n                                                                                                                                                                                                                        <span>16 diciembre 2025<\/span>\n                                                                                                    <\/div>\n                                                <h3 class=\"trim\">M\u00e1s all\u00e1 de las palabras de moda: por qu\u00e9 \u00abc\u00f3digo, capital y cambio\u00bb es un imperativo estrat\u00e9gico para las instituciones financieras<\/h3>\n                                            <\/div>\n                                                                                            <div class=\"insight_img\">\n                                                    <img width=\"1130\" height=\"636\" src=\"https:\/\/www.globallogic.com\/latam\/wp-content\/uploads\/sites\/5\/2025\/12\/3cs_Blog_1.jpg\" class=\"attachment-full size-full\" alt=\"\" loading=\"lazy\" decoding=\"async\" srcset=\"https:\/\/www.globallogic.com\/latam\/wp-content\/uploads\/sites\/5\/2025\/12\/3cs_Blog_1.jpg 786w, https:\/\/www.globallogic.com\/latam\/wp-content\/uploads\/sites\/5\/2025\/12\/3cs_Blog_1-300x195.jpg 300w, https:\/\/www.globallogic.com\/latam\/wp-content\/uploads\/sites\/5\/2025\/12\/3cs_Blog_1-768x500.jpg 768w\" sizes=\"auto, (max-width: 786px) 100vw, 786px\" \/>                                                <\/div>\n                                                                                    <\/a>\n                                    <\/div>\n\n                                                                        <div class=\"swiper-slide\">\n                                        <a href=\"https:\/\/www.globallogic.com\/latam\/insights\/blogs\/capital-redefine-value-creation-finance\/\" class=\"insightCard fullWidth\" insightpost-103243>\n                                            <div class=\"insight_overlay\">\n                                                <div class=\"insight_tags\">\n                                                    <span class=\"category-tag\">AI-Powered SDLC<\/span><span class=\"category-tag\">GenAI<\/span><span class=\"category-tag\">Transformation Advisory<\/span><span class=\"industry-tag\">Financial Services<\/span>                                                <\/div>\n                                                <div class=\"insight_sub_head\">\n                                                    <div class=\"author-list\">\n                                                        <div class=\"author_links\">                                                                    <span>Vivek Daga<\/span>\n                                                                <\/div>                                                    <\/div>\n                                                                                                                                                                                                                        <span>16 diciembre 2025<\/span>\n                                                                                                    <\/div>\n                                                <h3 class=\"trim\">Capital, reinventado: dise\u00f1ando la pr\u00f3xima frontera del valor en los servicios financieros<\/h3>\n                                            <\/div>\n                                                                                            <div class=\"insight_img\">\n                                                    <img width=\"1130\" height=\"636\" src=\"https:\/\/www.globallogic.com\/latam\/wp-content\/uploads\/sites\/5\/2025\/12\/3cs_Blog_3.jpg\" class=\"attachment-full size-full\" alt=\"\" loading=\"lazy\" decoding=\"async\" srcset=\"https:\/\/www.globallogic.com\/latam\/wp-content\/uploads\/sites\/5\/2025\/12\/3cs_Blog_3.jpg 786w, https:\/\/www.globallogic.com\/latam\/wp-content\/uploads\/sites\/5\/2025\/12\/3cs_Blog_3-300x195.jpg 300w, https:\/\/www.globallogic.com\/latam\/wp-content\/uploads\/sites\/5\/2025\/12\/3cs_Blog_3-768x500.jpg 768w\" sizes=\"auto, (max-width: 786px) 100vw, 786px\" \/>                                                <\/div>\n                                                                                    <\/a>\n                                    <\/div>\n\n                                                                        <div class=\"swiper-slide\">\n                                        <a href=\"https:\/\/www.globallogic.com\/latam\/insights\/blogs\/code-future-financial-services\/\" class=\"insightCard fullWidth\" insightpost-103239>\n                                            <div class=\"insight_overlay\">\n                                                <div class=\"insight_tags\">\n                                                    <span class=\"category-tag\">AI-Powered SDLC<\/span><span class=\"category-tag\">GenAI<\/span><span class=\"industry-tag\">Financial Services<\/span>                                                <\/div>\n                                                <div class=\"insight_sub_head\">\n                                                    <div class=\"author-list\">\n                                                        <div class=\"author_links\">                                                                    <span>Mike Connors<\/span>\n                                                                <\/div>                                                    <\/div>\n                                                                                                                                                                                                                        <span>16 diciembre 2025<\/span>\n                                                                                                    <\/div>\n                                                <h3 class=\"trim\">M\u00e1s all\u00e1 de la infraestructura: por qu\u00e9 el c\u00f3digo es ahora el motor del liderazgo en los servicios financieros<\/h3>\n                                            <\/div>\n                                                                                            <div class=\"insight_img\">\n                                                    <img width=\"1130\" height=\"636\" src=\"https:\/\/www.globallogic.com\/latam\/wp-content\/uploads\/sites\/5\/2025\/12\/3cs_Blog_2.jpg\" class=\"attachment-full size-full\" alt=\"\" loading=\"lazy\" decoding=\"async\" srcset=\"https:\/\/www.globallogic.com\/latam\/wp-content\/uploads\/sites\/5\/2025\/12\/3cs_Blog_2.jpg 786w, https:\/\/www.globallogic.com\/latam\/wp-content\/uploads\/sites\/5\/2025\/12\/3cs_Blog_2-300x195.jpg 300w, https:\/\/www.globallogic.com\/latam\/wp-content\/uploads\/sites\/5\/2025\/12\/3cs_Blog_2-768x500.jpg 768w\" sizes=\"auto, (max-width: 786px) 100vw, 786px\" \/>                                                <\/div>\n                                                                                    <\/a>\n                                    <\/div>\n\n                                    \n                                                    \n                                    <\/div>\n                                    <div class=\"swiper_control\">\n                        <div class=\"swiper-scrollbar\"><\/div>\n                        <nav class=\"swiper_nav\" aria-label=\"Featured Post Slider Navigation\">\n                            <div class=\"swiper-button-prev\"><\/div>\n                            <div class=\"swiper-button-next\"><\/div>\n                        <\/nav>\n                    <\/div>\n                    \n            <\/div>\n    <\/section>\n    ","protected":false},"excerpt":{"rendered":"","protected":false},"author":1,"featured_media":0,"parent":0,"menu_order":0,"comment_status":"closed","ping_status":"closed","template":"templates\/insights.php","meta":{"_acf_changed":false,"footnotes":""},"class_list":["post-99","page","type-page","status-publish","hentry"],"acf":[],"aioseo_notices":[],"_links":{"self":[{"href":"https:\/\/www.globallogic.com\/latam\/wp-json\/wp\/v2\/pages\/99","targetHints":{"allow":["GET"]}}],"collection":[{"href":"https:\/\/www.globallogic.com\/latam\/wp-json\/wp\/v2\/pages"}],"about":[{"href":"https:\/\/www.globallogic.com\/latam\/wp-json\/wp\/v2\/types\/page"}],"author":[{"embeddable":true,"href":"https:\/\/www.globallogic.com\/latam\/wp-json\/wp\/v2\/users\/1"}],"replies":[{"embeddable":true,"href":"https:\/\/www.globallogic.com\/latam\/wp-json\/wp\/v2\/comments?post=99"}],"version-history":[{"count":15,"href":"https:\/\/www.globallogic.com\/latam\/wp-json\/wp\/v2\/pages\/99\/revisions"}],"predecessor-version":[{"id":102223,"href":"https:\/\/www.globallogic.com\/latam\/wp-json\/wp\/v2\/pages\/99\/revisions\/102223"}],"wp:attachment":[{"href":"https:\/\/www.globallogic.com\/latam\/wp-json\/wp\/v2\/media?parent=99"}],"curies":[{"name":"wp","href":"https:\/\/api.w.org\/{rel}","templated":true}]}}