{"id":84342,"date":"2023-06-19T10:56:33","date_gmt":"2023-06-19T10:56:33","guid":{"rendered":"https:\/\/www.globallogic.com\/sk\/?post_type=events&amp;p=84342"},"modified":"2023-06-19T10:56:33","modified_gmt":"2023-06-19T10:56:33","slug":"all-staff-meeting-2023","status":"publish","type":"events","link":"https:\/\/www.globallogic.com\/sk\/about\/events\/all-staff-meeting-2023\/","title":{"rendered":"All Staff Meeting 2023"},"content":{"rendered":"<div class=\"classic_editor_content\">\n<div class=\"kvgmc6g5 cxmmr5t8 oygrvhab hcukyx3x c1et5uql ii04i59q\">\n<div class=\"title center\">\n<p>Aj tento rok sme mohli osobne absolvova\u0165 tradi\u010dn\u00fd <strong>&#8220;All Staff Meeting&#8221;.<\/strong> V\u0161etk\u00fdch n\u00e1s milo prekvapila hojn\u00e1 \u00fa\u010das\u0165, ktor\u00e1 len potvrdila, \u017ee stretn\u00fa\u0165 sa osobne a dozvedie\u0165 sa nov\u00e9 inform\u00e1cie o na\u0161ej spolo\u010dnosti je pre n\u00e1s v\u0161etk\u00fdch naozaj potrebn\u00e9.<\/p>\n<p>V \u017diline pri\u0161lo na stretnutie 8. j\u00fana viac ako <strong>120 \u00fa\u010dastn\u00edkov<\/strong> a v Ko\u0161iciach 15. j\u00fana viac ako 230 \u00fa\u010dastn\u00edkov.<\/p>\n<p>Vedenie spolo\u010dnosti a jednotliv\u00fdch oddelen\u00ed predstavilo zhrnutie predch\u00e1dzaj\u00faceho finan\u010dn\u00e9ho roka. Dozvedeli sme sa aj o pl\u00e1noch na \u010fal\u0161ie obdobie a ak\u00e9 nov\u00e9 pr\u00edle\u017eitosti n\u00e1s \u010dakaj\u00fa.<\/p>\n<p>Te\u0161\u00edme sa aj spolu s na\u0161imi kolegami, ktor\u00ed z\u00edskali ocenenie <strong>Star Performer:<\/strong><br \/>\n<em>Mat\u00fa\u0161 Bodorik<br \/>\nMiroslav Bros<br \/>\nAndrej Byra<br \/>\nMartin Cepela<br \/>\nDaniel Dem\u010d\u00e1k<br \/>\nErik Gajdo\u0161<br \/>\nVeronika G\u00e1likov\u00e1<br \/>\nVeronika Prokopov\u00e1<\/em><\/p>\n<p>V\u0161etk\u00fdm \u00fa\u010dinkuj\u00facim <strong>blaho\u017eel\u00e1me a prajeme ve\u013ea \u010fal\u0161\u00edch pracovn\u00fdch i osobn\u00fdch \u00faspechov.<\/strong><\/p>\n<p>&nbsp;<\/p>\n<\/div>\n<p>[espro-slider id=84346]<\/p>\n<\/div>\n<\/div>\n","protected":false},"excerpt":{"rendered":"<p>Vedenie spolo\u010dnosti a jednotliv\u00fdch oddelen\u00ed predstavilo zhrnutie predch\u00e1dzaj\u00faceho finan\u010dn\u00e9ho roka<\/p>\n","protected":false},"featured_media":84343,"parent":0,"menu_order":0,"template":"","meta":{"_acf_changed":false,"footnotes":""},"embedded-category":[],"class_list":["post-84342","events","type-events","status-publish","has-post-thumbnail","hentry"],"acf":[],"aioseo_notices":[],"_links":{"self":[{"href":"https:\/\/www.globallogic.com\/sk\/wp-json\/wp\/v2\/events\/84342","targetHints":{"allow":["GET"]}}],"collection":[{"href":"https:\/\/www.globallogic.com\/sk\/wp-json\/wp\/v2\/events"}],"about":[{"href":"https:\/\/www.globallogic.com\/sk\/wp-json\/wp\/v2\/types\/events"}],"version-history":[{"count":0,"href":"https:\/\/www.globallogic.com\/sk\/wp-json\/wp\/v2\/events\/84342\/revisions"}],"wp:featuredmedia":[{"embeddable":true,"href":"https:\/\/www.globallogic.com\/sk\/wp-json\/wp\/v2\/media\/84343"}],"wp:attachment":[{"href":"https:\/\/www.globallogic.com\/sk\/wp-json\/wp\/v2\/media?parent=84342"}],"wp:term":[{"taxonomy":"embedded-category","embeddable":true,"href":"https:\/\/www.globallogic.com\/sk\/wp-json\/wp\/v2\/embedded-category?post=84342"}],"curies":[{"name":"wp","href":"https:\/\/api.w.org\/{rel}","templated":true}]}}

<div class="classic_editor_content">
<div class="kvgmc6g5 cxmmr5t8 oygrvhab hcukyx3x c1et5uql ii04i59q">
<div class="title center">
<p>Aj tento rok sme mohli osobne absolvovať tradičný <strong>&#8220;All Staff Meeting&#8221;.</strong> Všetkých nás milo prekvapila hojná účasť, ktorá len potvrdila, že stretnúť sa osobne a dozvedieť sa nové informácie o našej spoločnosti je pre nás všetkých naozaj potrebné.</p>
<p>V Žiline prišlo na stretnutie 8. júna viac ako <strong>120 účastníkov</strong> a v Košiciach 15. júna viac ako 230 účastníkov.</p>
<p>Vedenie spoločnosti a jednotlivých oddelení predstavilo zhrnutie predchádzajúceho finančného roka. Dozvedeli sme sa aj o plánoch na ďalšie obdobie a aké nové príležitosti nás čakajú.</p>
<p>Tešíme sa aj spolu s našimi kolegami, ktorí získali ocenenie <strong>Star Performer:</strong><br />
<em>Matúš Bodorik<br />
Miroslav Bros<br />
Andrej Byra<br />
Martin Cepela<br />
Daniel Demčák<br />
Erik Gajdoš<br />
Veronika Gáliková<br />
Veronika Prokopová</em></p>
<p>Všetkým účinkujúcim <strong>blahoželáme a prajeme veľa ďalších pracovných i osobných úspechov.</strong></p>
<p>&nbsp;</p>
</div>
<p>[espro-slider id=84346]</p>
</div>
</div>

<p>Vedenie spoločnosti a jednotlivých oddelení predstavilo zhrnutie predchádzajúceho finančného roka</p>
